alculate the remainder when 115 is divided by 29.
28
What is the remainder when 1591 is divided by 8?
7
Calculate the remainder when 206 is divided by 42.
38
What is the remainder when 116 is divided by 16?
4
What is the remainder when 306 is divided by 286?
20
Calculate the remainder when 601 is divided by 592.
9
Calculate the remainder when 88 is divided by 13.
10
What is the remainder when 542 is divided by 139?
125
Calculate the remainder when 91 is divided by 37.
17
What is the remainder when 753 is divided by 39?
12
What is the remainder when 179 is divided by 26?
23
What is the remainder when 110 is divided by 36?
2
Calculate the remainder when 4121 is divided by 15.
11
Calculate the remainder when 891 is divided by 243.
162
Calculate the remainder when 2169 is divided by 25.
19
Calculate the remainder when 157 is divided by 27.
22
Calculate the remainder when 334 is divided by 67.
66
Calculate the remainder when 231 is divided by 5.
1
What is the remainder when 199 is divided by 97?
5
What is the remainder when 189 is divided by 89?
11
Calculate the remainder when 5947 is divided by 50.
47
Calculate the remainder when 615 is divided by 33.
21
Calculate the remainder when 833 is divided by 44.
41
What is the remainder when 260 is divided by 83?
11
What is the remainder when 541 is divided by 33?
13
Calculate the remainder when 91 is divided by 46.
45
What is the remainder when 5720 is divided by 1427?
12
Calculate the remainder when 3267 is divided by 191.
20
Calculate the remainder when 491 is divided by 38.
35
What is the remainder when 117 is divided by 18?
9
Calculate the remainder when 166 is divided by 76.
14
Calculate the remainder when 1547 is divided by 1526.
21
Calculate the remainder when 1179 is divided by 10.
9
What is the remainder when 6595 is divided by 68?
67
What is the remainder when 1947 is divided by 122?
117
What is the remainder when 1892 is divided by 59?
4
What is the remainder when 1554 is divided by 767?
20
What is the remainder when 1508 is divided by 253?
243
What is the remainder when 4216 is divided by 38?
36
Calculate the remainder when 211 is divided by 43.
39
Calculate the remainder when 136 is divided by 47.
42
Calculate the remainder when 15902 is divided by 171.
170
What is the remainder when 571 is divided by 79?
18
Calculate the remainder when 179 is divided by 48.
35
What is the remainder when 3203 is divided by 106?
23
What is the remainder when 241 is divided by 108?
25
Calculate the remainder when 461 is divided by 8.
5
Calculate the remainder when 123 is divided by 17.
4
What is the remainder when 143 is divided by 20?
3
Calculate the remainder when 313 is divided by 63.
61
Calculate the remainder when 227 is divided by 124.
103
What is the remainder when 658 is divided by 66?
64
What is the remainder when 6139 is divided by 89?
87
What is the remainder when 182 is divided by 25?
7
What is the remainder when 8470 is divided by 12?
10
What is the remainder when 105 is divided by 23?
13
Calculate the remainder when 7560 is divided by 29.
20
Calculate the remainder when 637 is divided by 164.
145
What is the remainder when 3230 is divided by 38?
0
What is the remainder when 1219 is divided by 342?
193
What is the remainder when 970 is divided by 18?
16
What is the remainder when 1374 is divided by 69?
63
Calculate the remainder when 2664 is divided by 65.
64
What is the remainder when 2463 is divided by 112?
111
Calculate the remainder when 116 is divided by 28.
4
What is the remainder when 2726 is divided by 19?
9
Calculate the remainder when 179 is divided by 65.
49
Calculate the remainder when 93 is divided by 52.
41
What is the remainder when 4599 is divided by 24?
15
Calculate the remainder when 2321 is divided by 8.
1
Calculate the remainder when 2159 is divided by 120.
119
What is the remainder when 820 is divided by 820?
0
Calculate the remainder when 2002 is divided by 118.
114
What is the remainder when 1856 is divided by 208?
192
Calculate the remainder when 1563 is divided by 18.
15
Calculate the remainder when 97 is divided by 33.
31
Calculate the remainder when 691 is divided by 685.
6
Calculate the remainder when 890 is divided by 19.
16
What is the remainder when 124 is divided by 25?
24
Calculate the remainder when 43 is divided by 39.
4
What is the remainder when 404 is divided by 82?
76
Calculate the remainder when 4317 is divided by 333.
321
What is the remainder when 4125 is divided by 206?
5
What is the remainder when 1455 is divided by 181?
7
Calculate the remainder when 5290 is divided by 79.
76
Calculate the remainder when 131 is divided by 17.
12
What is the remainder when 115 is divided by 39?
37
Calculate the remainder when 115 is divided by 43.
29
What is the remainder when 93 is divided by 77?
16
What is the remainder when 31 is divided by 20?
11
What is the remainder when 214 is divided by 28?
18
Calculate the remainder when 2375 is divided by 109.
86
Calculate the remainder when 48 is divided by 20.
8
Calculate the remainder when 2578 is divided by 81.
67
What is the remainder when 426 is divided by 13?
10
Calculate the remainder when 243 is divided by 62.
57
Calculate the remainder when 17319 is divided by 244.
239
What is the remainder when 134 is divided by 22?
2
Calculate the remainder when 1739 is divided by 39.
23
What is the remainder when 485 is divided by 12?
5
Calculate the remainder when 52 is divided by 14.
10
What is the remainder when 3533 is divided by 114?
113
What is the remainder when 156 is divided by 55?
46
What is the remainder when 53 is divided by 9?
8
Calculate the remainder when 27 is divided by 20.
7
Calculate the remainder when 531 is divided by 513.
18
What is the remainder when 485 is divided by 54?
53
Calculate the remainder when 14 is divided by 2.
0
What is the remainder when 1444 is divided by 475?
19
What is the remainder when 127 is divided by 55?
17
Calculate the remainder when 99 is divided by 90.
9
Calculate the remainder when 132 is divided by 46.
40
Calculate the remainder when 211 is divided by 22.
13
Calculate the remainder when 56 is divided by 15.
11
Calculate the remainder when 662 is divided by 105.
32
What is the remainder when 459 is divided by 11?
8
What is the remainder when 314 is divided by 155?
4
Calculate the remainder when 122 is divided by 59.
4
Calculate the remainder when 126 is divided by 35.
21
Calculate the remainder when 5199 is divided by 130.
129
Calculate the remainder when 29 is divided by 11.
7
Calculate the remainder when 87 is divided by 86.
1
Calculate the remainder when 291 is divided by 7.
4
What is the remainder when 737 is divided by 6?
5
Calculate the remainder when 428 is divided by 84.
8
Calculate the remainder when 104 is divided by 15.
14
What is the remainder when 561 is divided by 31?
3
What is the remainder when 415 is divided by 229?
186
What is the remainder when 64 is divided by 25?
14
What is the remainder when 256 is divided by 113?
30
What is the remainder when 7945 is divided by 4?
1
Calculate the remainder when 388 is divided by 10.
8
Calculate the remainder when 139 is divided by 9.
4
What is the remainder when 35 is divided by 9?
8
Calculate the remainder when 180 is divided by 4.
0
Calculate the remainder when 1588 is divided by 207.
139
What is the remainder when 451 is divided by 91?
87
What is the remainder when 96 is divided by 7?
5
Calculate the remainder when 9538 is divided by 289.
1
Calculate the remainder when 252 is divided by 9.
0
What is the remainder when 400 is divided by 31?
28
What is the remainder when 146 is divided by 146?
0
Calculate the remainder when 473 is divided by 150.
23
What is the remainder when 338 is divided by 38?
34
What is the remainder when 378 is divided by 77?
70
What is the remainder when 138 is divided by 28?
26
Calculate the remainder when 3012 is divided by 130.
22
Calculate the remainder when 2426 is divided by 90.
86
Calculate the remainder when 1945 is divided by 40.
25
Calculate the remainder when 698 is divided by 35.
33
Calculate the remainder when 217 is divided by 13.
9
Calculate the remainder when 12237 is divided by 40.
37
Calculate the remainder when 63 is divided by 32.
31
What is the remainder when 425 is divided by